{"id":18,"date":"2019-10-16T09:28:48","date_gmt":"2019-10-16T09:28:48","guid":{"rendered":"http:\/\/www.aussichselbstheraus.de\/?page_id=18"},"modified":"2023-12-16T19:25:40","modified_gmt":"2023-12-16T19:25:40","slug":"ueber-uns","status":"publish","type":"page","link":"http:\/\/www.aussichselbstheraus.de\/?page_id=18","title":{"rendered":"\u00dcber Uns"},"content":{"rendered":"\t\t<div data-elementor-type=\"wp-page\" data-elementor-id=\"18\" class=\"elementor elementor-18\">\n\t\t\t\t\t\t<section class=\"elementor-section elementor-top-section elementor-element elementor-element-58c6b78 elementor-section-boxed elementor-section-height-default elementor-section-height-default\" data-id=\"58c6b78\" data-element_type=\"section\">\n\t\t\t\t\t\t<div class=\"elementor-container elementor-column-gap-default\">\n\t\t\t\t\t<div class=\"elementor-column elementor-col-100 elementor-top-column elementor-element elementor-element-0c9f3f4\" data-id=\"0c9f3f4\" data-element_type=\"column\">\n\t\t\t<div class=\"elementor-widget-wrap elementor-element-populated\">\n\t\t\t\t\t\t<div class=\"elementor-element elementor-element-f65541b elementor-widget elementor-widget-image\" data-id=\"f65541b\" data-element_type=\"widget\" data-widget_type=\"image.default\">\n\t\t\t\t<div class=\"elementor-widget-container\">\n\t\t\t\t\t\t\t\t\t\t\t\t\t<img decoding=\"async\" src=\"http:\/\/www.aussichselbstheraus.de\/wp-content\/uploads\/elementor\/thumbs\/Dani-und-Claus-Foto-Web-bearbeitet-ojt3zx3lm4w0u8ewwdzy19kyiecg240ytg8qpk1dpu.png\" title=\"Dani und Claus Foto Web bearbeitet\" alt=\"Dani und Claus Foto Web bearbeitet\" loading=\"lazy\" \/>\t\t\t\t\t\t\t\t\t\t\t\t\t<\/div>\n\t\t\t\t<\/div>\n\t\t\t\t\t<\/div>\n\t\t<\/div>\n\t\t\t\t\t<\/div>\n\t\t<\/section>\n\t\t\t\t<section class=\"elementor-section elementor-top-section elementor-element elementor-element-dafdc41 elementor-section-boxed elementor-section-height-default elementor-section-height-default\" data-id=\"dafdc41\" data-element_type=\"section\">\n\t\t\t\t\t\t<div class=\"elementor-container elementor-column-gap-default\">\n\t\t\t\t\t<div class=\"elementor-column elementor-col-100 elementor-top-column elementor-element elementor-element-da70ab3\" data-id=\"da70ab3\" data-element_type=\"column\">\n\t\t\t<div class=\"elementor-widget-wrap elementor-element-populated\">\n\t\t\t\t\t\t<div class=\"elementor-element elementor-element-d6f9b8c elementor-widget elementor-widget-text-editor\" data-id=\"d6f9b8c\" data-element_type=\"widget\" data-widget_type=\"text-editor.default\">\n\t\t\t\t<div class=\"elementor-widget-container\">\n\t\t\t\t\t\t\t<p>Hallo mein Name ist Daniela D\u00f6rnert, schon als Kind hatte ich eine erh\u00f6hte Wahrnehmung von den Menschen, Tieren und Orten um mich herum. Erst waren es unbewusste Wahrnehmungen, die mich oft aus der Bahn geworfen haben und mich glauben liessen, dass alles meine eigenen Empfindungen \u00a0w\u00e4ren. Sp\u00e4ter lernte ich das nur eine ganz geringer Anteil meine eigenen Wahrnehmungen waren. Ich lernte diese zu filtern und bewusst \u00fcber das scannen von Menschen, Tieren und Orten einzusetzen. Heute kenne ich mich und handle bewusst aus mir heraus und freue mich mein Wissen f\u00fcr dich, Tiere und Orte einzusetzen. Ich freue mich dich, \u00a0ein St\u00fcck auf deinem Bewusstseinsweg zu dir selbst, zu begleiten.<\/p><p>Zu meinem Weg: ich \u00fcbte den Beruf der Krankenschwester aus, mit Schwerpunkt Geriatrie und Onkologie, war selbst\u00e4ndig als Fachkosmetikern mit eigenem Studio. Ich erlernte die begleitende Kinesiologie, entwickelte die Lela Energy Massage, die Beratung und Begleitung von Menschen und Tieren, das Lela-Bewusstseins-Coaching in Einzelarbeit sowie in Gruppen. Mein Wissen gebe ich voller Freude in Webinaren, \u00a0Workshops, Einzelberatung f\u00fcr Mensch und Tier und in meiner Lela Energy Massage weiter.<\/p>\t\t\t\t\t\t<\/div>\n\t\t\t\t<\/div>\n\t\t\t\t\t<\/div>\n\t\t<\/div>\n\t\t\t\t\t<\/div>\n\t\t<\/section>\n\t\t\t\t<section class=\"elementor-section elementor-top-section elementor-element elementor-element-d245271 elementor-section-boxed elementor-section-height-default elementor-section-height-default\" data-id=\"d245271\" data-element_type=\"section\">\n\t\t\t\t\t\t<div class=\"elementor-container elementor-column-gap-default\">\n\t\t\t\t\t<div class=\"elementor-column elementor-col-100 elementor-top-column elementor-element elementor-element-77f5ed6\" data-id=\"77f5ed6\" data-element_type=\"column\">\n\t\t\t<div class=\"elementor-widget-wrap elementor-element-populated\">\n\t\t\t\t\t\t<div class=\"elementor-element elementor-element-f72a0e7 elementor-widget elementor-widget-text-editor\" data-id=\"f72a0e7\" data-element_type=\"widget\" data-widget_type=\"text-editor.default\">\n\t\t\t\t<div class=\"elementor-widget-container\">\n\t\t\t\t\t\t\t<p>Hallo mein Name ist Claus Reinhold, auf meiner pers\u00f6nlichen Entdeckungsreise fand ich meine &#8222;spirituelle&#8220; geistige und physische Begabung, die ich f\u00fcr mich im Verbund von Materie und dem Geistigem betrachte und immer weiter entwickle. \u00a0<\/p><p>In der Bewusstseinsforschung erkannte ich meine F\u00e4higkeiten anderen Menschen kosmische Eigenschaften zu erkl\u00e4ren und ihnen ihre eigenen Besonderheiten zu spiegeln.<\/p><p>So weit ich zur\u00fcckdenken kann interessiere ich mich f\u00fcr Automobile und Design. Es f\u00fchrte kein Weg drum herum meine Berufung zum Beruf zu machen.<\/p><p>Aufgewachsen bin ich in einer Motorsport-Familie und Umfeld, wo ich mich mit den besten Voraussetzungen entfalten konnte. Im Kartsport begann ich zu lernen ein Fahrzeug abzustimmen und in seinen Grenzen zu bewegen. Bei meinem Vater lernte ich schon fr\u00fch Fahrzeuge abzustimmen, \u00a0Restaurieren, Tunen und optimieren. Sp\u00e4ter folgten Sportwagen und Tuning Projekte.<\/p><p>Das Geistige und Physische zu verbinden spiegelt sich im Design wieder. Die Vision in die physische Gestalt zu bringen, ist eine meiner Freuden hier auf der Erde.<\/p><p>\u00a0<\/p>\t\t\t\t\t\t<\/div>\n\t\t\t\t<\/div>\n\t\t\t\t\t<\/div>\n\t\t<\/div>\n\t\t\t\t\t<\/div>\n\t\t<\/section>\n\t\t\t\t<\/div>\n\t\t","protected":false},"excerpt":{"rendered":"<p>Hallo mein Name ist Daniela D\u00f6rnert, schon als Kind hatte ich eine erh\u00f6hte Wahrnehmung von den Menschen, Tieren und Orten um mich herum. Erst waren es unbewusste Wahrnehmungen, die mich oft aus der Bahn geworfen haben und mich glauben liessen, dass alles meine eigenen Empfindungen \u00a0w\u00e4ren. Sp\u00e4ter lernte ich das nur eine ganz geringer Anteil [&hellip;]<\/p>\n","protected":false},"author":1,"featured_media":0,"parent":0,"menu_order":0,"comment_status":"closed","ping_status":"closed","template":"","meta":{"ocean_post_layout":"full-screen","ocean_both_sidebars_style":"","ocean_both_sidebars_content_width":0,"ocean_both_sidebars_sidebars_width":0,"ocean_sidebar":"0","ocean_second_sidebar":"0","ocean_disable_margins":"enable","ocean_add_body_class":"","ocean_shortcode_before_top_bar":"","ocean_shortcode_after_top_bar":"","ocean_shortcode_before_header":"","ocean_shortcode_after_header":"","ocean_has_shortcode":"","ocean_shortcode_after_title":"","ocean_shortcode_before_footer_widgets":"","ocean_shortcode_after_footer_widgets":"","ocean_shortcode_before_footer_bottom":"","ocean_shortcode_after_footer_bottom":"","ocean_display_top_bar":"on","ocean_display_header":"on","ocean_header_style":"top","ocean_center_header_left_menu":"0","ocean_custom_header_template":"0","ocean_custom_logo":0,"ocean_custom_retina_logo":0,"ocean_custom_logo_max_width":0,"ocean_custom_logo_tablet_max_width":0,"ocean_custom_logo_mobile_max_width":0,"ocean_custom_logo_max_height":0,"ocean_custom_logo_tablet_max_height":0,"ocean_custom_logo_mobile_max_height":0,"ocean_header_custom_menu":"0","ocean_menu_typo_font_family":"0","ocean_menu_typo_font_subset":"","ocean_menu_typo_font_size":0,"ocean_menu_typo_font_size_tablet":0,"ocean_menu_typo_font_size_mobile":0,"ocean_menu_typo_font_size_unit":"px","ocean_menu_typo_font_weight":"","ocean_menu_typo_font_weight_tablet":"","ocean_menu_typo_font_weight_mobile":"","ocean_menu_typo_transform":"","ocean_menu_typo_transform_tablet":"","ocean_menu_typo_transform_mobile":"","ocean_menu_typo_line_height":0,"ocean_menu_typo_line_height_tablet":0,"ocean_menu_typo_line_height_mobile":0,"ocean_menu_typo_line_height_unit":"","ocean_menu_typo_spacing":0,"ocean_menu_typo_spacing_tablet":0,"ocean_menu_typo_spacing_mobile":0,"ocean_menu_typo_spacing_unit":"","ocean_menu_link_color":"","ocean_menu_link_color_hover":"","ocean_menu_link_color_active":"","ocean_menu_link_background":"","ocean_menu_link_hover_background":"","ocean_menu_link_active_background":"","ocean_menu_social_links_bg":"","ocean_menu_social_hover_links_bg":"","ocean_menu_social_links_color":"","ocean_menu_social_hover_links_color":"","ocean_disable_title":"on","ocean_disable_heading":"default","ocean_post_title":"","ocean_post_subheading":"","ocean_post_title_style":"","ocean_post_title_background_color":"","ocean_post_title_background":0,"ocean_post_title_bg_image_position":"","ocean_post_title_bg_image_attachment":"","ocean_post_title_bg_image_repeat":"","ocean_post_title_bg_image_size":"","ocean_post_title_height":0,"ocean_post_title_bg_overlay":0.5,"ocean_post_title_bg_overlay_color":"","ocean_disable_breadcrumbs":"default","ocean_breadcrumbs_color":"","ocean_breadcrumbs_separator_color":"","ocean_breadcrumbs_links_color":"","ocean_breadcrumbs_links_hover_color":"","ocean_display_footer_widgets":"default","ocean_display_footer_bottom":"default","ocean_custom_footer_template":"0","footnotes":""},"_links":{"self":[{"href":"http:\/\/www.aussichselbstheraus.de\/index.php?rest_route=\/wp\/v2\/pages\/18"}],"collection":[{"href":"http:\/\/www.aussichselbstheraus.de\/index.php?rest_route=\/wp\/v2\/pages"}],"about":[{"href":"http:\/\/www.aussichselbstheraus.de\/index.php?rest_route=\/wp\/v2\/types\/page"}],"author":[{"embeddable":true,"href":"http:\/\/www.aussichselbstheraus.de\/index.php?rest_route=\/wp\/v2\/users\/1"}],"replies":[{"embeddable":true,"href":"http:\/\/www.aussichselbstheraus.de\/index.php?rest_route=%2Fwp%2Fv2%2Fcomments&post=18"}],"version-history":[{"count":41,"href":"http:\/\/www.aussichselbstheraus.de\/index.php?rest_route=\/wp\/v2\/pages\/18\/revisions"}],"predecessor-version":[{"id":1266,"href":"http:\/\/www.aussichselbstheraus.de\/index.php?rest_route=\/wp\/v2\/pages\/18\/revisions\/1266"}],"wp:attachment":[{"href":"http:\/\/www.aussichselbstheraus.de\/index.php?rest_route=%2Fwp%2Fv2%2Fmedia&parent=18"}],"curies":[{"name":"wp","href":"https:\/\/api.w.org\/{rel}","templated":true}]}}