{"id":926,"date":"2021-05-03T10:16:09","date_gmt":"2021-05-03T10:16:09","guid":{"rendered":"http:\/\/www.aussichselbstheraus.de\/?page_id=926"},"modified":"2023-12-16T19:10:58","modified_gmt":"2023-12-16T19:10:58","slug":"magnetfeld-harmonisierungs-chip","status":"publish","type":"page","link":"http:\/\/www.aussichselbstheraus.de\/?page_id=926","title":{"rendered":"Magnetfeld-Harmonisierungs-Chip"},"content":{"rendered":"\t\t<div data-elementor-type=\"wp-page\" data-elementor-id=\"926\" class=\"elementor elementor-926\">\n\t\t\t\t\t\t<section class=\"elementor-section elementor-top-section elementor-element elementor-element-bd0d98e elementor-section-boxed elementor-section-height-default elementor-section-height-default\" data-id=\"bd0d98e\" data-element_type=\"section\">\n\t\t\t\t\t\t<div class=\"elementor-container elementor-column-gap-default\">\n\t\t\t\t\t<div class=\"elementor-column elementor-col-100 elementor-top-column elementor-element elementor-element-8368d41\" data-id=\"8368d41\" data-element_type=\"column\">\n\t\t\t<div class=\"elementor-widget-wrap elementor-element-populated\">\n\t\t\t\t\t\t<div class=\"elementor-element elementor-element-5b10d2a elementor-widget elementor-widget-heading\" data-id=\"5b10d2a\" data-element_type=\"widget\" data-widget_type=\"heading.default\">\n\t\t\t\t<div class=\"elementor-widget-container\">\n\t\t\t<h2 class=\"elementor-heading-title elementor-size-medium\">Magnetfeld-Harmonisierungs-Chip<\/h2>\t\t<\/div>\n\t\t\t\t<\/div>\n\t\t\t\t\t<\/div>\n\t\t<\/div>\n\t\t\t\t\t<\/div>\n\t\t<\/section>\n\t\t\t\t<section class=\"elementor-section elementor-top-section elementor-element elementor-element-1158575 elementor-section-boxed elementor-section-height-default elementor-section-height-default\" data-id=\"1158575\" data-element_type=\"section\">\n\t\t\t\t\t\t<div class=\"elementor-container elementor-column-gap-default\">\n\t\t\t\t\t<div class=\"elementor-column elementor-col-100 elementor-top-column elementor-element elementor-element-ece6dfe\" data-id=\"ece6dfe\" data-element_type=\"column\">\n\t\t\t<div class=\"elementor-widget-wrap elementor-element-populated\">\n\t\t\t\t\t\t<div class=\"elementor-element elementor-element-6c7c440 elementor-widget elementor-widget-image\" data-id=\"6c7c440\" data-element_type=\"widget\" data-widget_type=\"image.default\">\n\t\t\t\t<div class=\"elementor-widget-container\">\n\t\t\t\t\t\t\t\t\t\t\t\t\t<img decoding=\"async\" src=\"http:\/\/www.aussichselbstheraus.de\/wp-content\/uploads\/elementor\/thumbs\/MagnetStickerBild-1-p6pyy9p3fyeyr2a3zflmgfkmfqctj9s37nfwk78r7c.png\" title=\"MagnetStickerBild\" alt=\"MagnetStickerBild\" loading=\"lazy\" \/>\t\t\t\t\t\t\t\t\t\t\t\t\t<\/div>\n\t\t\t\t<\/div>\n\t\t\t\t\t<\/div>\n\t\t<\/div>\n\t\t\t\t\t<\/div>\n\t\t<\/section>\n\t\t\t\t<section class=\"elementor-section elementor-top-section elementor-element elementor-element-74e29b7 elementor-section-boxed elementor-section-height-default elementor-section-height-default\" data-id=\"74e29b7\" data-element_type=\"section\">\n\t\t\t\t\t\t<div class=\"elementor-container elementor-column-gap-default\">\n\t\t\t\t\t<div class=\"elementor-column elementor-col-100 elementor-top-column elementor-element elementor-element-87acd85\" data-id=\"87acd85\" data-element_type=\"column\">\n\t\t\t<div class=\"elementor-widget-wrap elementor-element-populated\">\n\t\t\t\t\t\t<div class=\"elementor-element elementor-element-da3f23f elementor-align-justify elementor-widget elementor-widget-button\" data-id=\"da3f23f\" data-element_type=\"widget\" data-widget_type=\"button.default\">\n\t\t\t\t<div class=\"elementor-widget-container\">\n\t\t\t\t\t<div class=\"elementor-button-wrapper\">\n\t\t\t<a class=\"elementor-button elementor-button-link elementor-size-sm\" href=\"http:\/\/www.aussichselbstheraus.de\/kontakt\/\">\n\t\t\t\t\t\t<span class=\"elementor-button-content-wrapper\">\n\t\t\t\t\t\t\t\t\t<span class=\"elementor-button-text\">Hier Bestellen<\/span>\n\t\t\t\t\t<\/span>\n\t\t\t\t\t<\/a>\n\t\t<\/div>\n\t\t\t\t<\/div>\n\t\t\t\t<\/div>\n\t\t\t\t\t<\/div>\n\t\t<\/div>\n\t\t\t\t\t<\/div>\n\t\t<\/section>\n\t\t\t\t<section class=\"elementor-section elementor-top-section elementor-element elementor-element-789bda7 elementor-section-boxed elementor-section-height-default elementor-section-height-default\" data-id=\"789bda7\" data-element_type=\"section\">\n\t\t\t\t\t\t<div class=\"elementor-container elementor-column-gap-default\">\n\t\t\t\t\t<div class=\"elementor-column elementor-col-100 elementor-top-column elementor-element elementor-element-b9b7f07\" data-id=\"b9b7f07\" data-element_type=\"column\">\n\t\t\t<div class=\"elementor-widget-wrap elementor-element-populated\">\n\t\t\t\t\t\t<div class=\"elementor-element elementor-element-0f70e24 elementor-widget elementor-widget-text-editor\" data-id=\"0f70e24\" data-element_type=\"widget\" data-widget_type=\"text-editor.default\">\n\t\t\t\t<div class=\"elementor-widget-container\">\n\t\t\t\t\t\t\t<p>Der Magnetfeld-Harmonisierungs-Chip ist ein <strong>individuelles Bewusstseinsprodukt<\/strong>, das <strong>mit dem eigenen Bewusstsein arbeitet. \u00a0<\/strong><\/p><p>Der Chip <strong>harmonisiert alle Frequenzen<\/strong>, die den eigenen physischen K\u00f6rper und sein energetisches Feld aus dem inneren Gleichgewicht bringen k\u00f6nnen. Dadurch werden die <strong>Selbstheilungskr\u00e4fte<\/strong> positiv beeinflusst. Der Magnetfeld-Chip <strong>wirkt in deinem eigenen Raum<\/strong>, dort wo du dich bewegst und <strong>bezieht<\/strong> in der Spiegelung die <strong>Materie des Lebensortes<\/strong> und der darin lebenden <strong>Tiere mit ein.<\/strong><\/p><p>Der Magnetfeld-Harmonisierungs-Chip ist an einem von uns installierten <strong>Informations-Feld angeschlossen<\/strong>. Stell\u00a0dir ein mit Informationen programmiertes Gitternetz in einem Feld (Raum) vor. Diese Informationen werden <strong>vom Chip permanent gespiegelt<\/strong> und der Inhaber erinnert sich an sein Magnetfeld und es <strong>harmoniert sich \u00fcber die eigene Bewusstseinsaktivit\u00e4t<\/strong>.<\/p><p>Das menschliche Magnetfeld ist dem Magnetfeld der Erde sehr \u00e4hnlich. Unser Magnetfeld besteht aus <strong>Magnetfeldteilchen<\/strong>, welche durch sein Zentrum, dem Herz, in seiner Bewegung gehalten werden. Es <strong>h\u00e4lt die K\u00f6rperfunktionen sowie die physische und energetische Pr\u00e4senz stabil.<\/strong><\/p><p>Ein <strong>unharmonisches Magnetfeld erschafft\u00a0Zellchaos<\/strong> in dir, das k\u00f6rpereigene Magnetfeld verschiebt sich sichtbar. <strong>Ausgel\u00f6st wird dies von Frequenzen<\/strong> die sich auf das eigene Magnetfeld auswirken. Der Takt verschiebt sich und es kommt zum <strong>Zellchaos<\/strong> und <strong>somit zum verschobenen eigenen Magnetfeld.<\/strong> Der Chip harmonisiert die Auswirkungen des Erdmagnetfeldes auf den Menschen und der elektromagnetischen Strahlen im Umfeld.<\/p><p>Das heisst, dass durch das <strong>k\u00f6rpereigene stabile Magnetfeld<\/strong> die Auswirkungen der <strong>elektromagnetischen Strahlen im eigenen System<\/strong> unter Einbezug der Selbstheilungskr\u00e4fte <strong>harmonisiert<\/strong> werden.\u00a0<\/p><p><strong><span style=\"text-decoration: underline;\">Erh\u00e4ltlich als Amulett:<\/span><\/strong><\/p><p><strong>Der Chip als Amulett,<\/strong> welches als Kette oder als Anh\u00e4nger an Taschen, Schl\u00fcssel, etc. getragen werden kann sowie in der Hosentasche. Der Kreativit\u00e4t sind keine Grenzen gesetzt.<\/p><p><span style=\"text-decoration: underline;\"><strong>Preis:<\/strong><\/span><\/p><ul><li>Chip als Amulett 85,- \u20ac\u00a0<\/li><\/ul><p><strong>Hinweise:<\/strong>\u00a0 Bitte gib immer bei der Bestellung deine \u00a0komplett Adresse f\u00fcr die Rechnungsstellung und Zusendung mit an.<\/p><p>Der Chip sollte f\u00fcr 60-90 Tage in unmittelbarer N\u00e4he getragen werden und wichtig ist, danach immer mal wieder auffrischen und in der N\u00e4he bei sich tragen oder nach Bedarf auf die Signale des K\u00f6rpers h\u00f6ren.<\/p><p>Bei Fragen wende dich gerne per<a href=\"http:\/\/post@aussichselbstheraus.de\"> mail<\/a> an uns oder vereinbare ein 10 min. kostenloses Informationsgespr\u00e4ch.<\/p>\t\t\t\t\t\t<\/div>\n\t\t\t\t<\/div>\n\t\t\t\t<div class=\"elementor-element elementor-element-68d0341 elementor-align-justify elementor-widget elementor-widget-button\" data-id=\"68d0341\" data-element_type=\"widget\" data-widget_type=\"button.default\">\n\t\t\t\t<div class=\"elementor-widget-container\">\n\t\t\t\t\t<div class=\"elementor-button-wrapper\">\n\t\t\t<a class=\"elementor-button elementor-button-link elementor-size-sm\" href=\"http:\/\/www.aussichselbstheraus.de\/kontakt\/\">\n\t\t\t\t\t\t<span class=\"elementor-button-content-wrapper\">\n\t\t\t\t\t\t\t\t\t<span class=\"elementor-button-text\">Hier bestellen<\/span>\n\t\t\t\t\t<\/span>\n\t\t\t\t\t<\/a>\n\t\t<\/div>\n\t\t\t\t<\/div>\n\t\t\t\t<\/div>\n\t\t\t\t\t<\/div>\n\t\t<\/div>\n\t\t\t\t\t<\/div>\n\t\t<\/section>\n\t\t\t\t<\/div>\n\t\t","protected":false},"excerpt":{"rendered":"<p>Magnetfeld-Harmonisierungs-Chip Hier Bestellen Der Magnetfeld-Harmonisierungs-Chip ist ein individuelles Bewusstseinsprodukt, das mit dem eigenen Bewusstsein arbeitet. \u00a0 Der Chip harmonisiert alle Frequenzen, die den eigenen physischen K\u00f6rper und sein energetisches Feld aus dem inneren Gleichgewicht bringen k\u00f6nnen. Dadurch werden die Selbstheilungskr\u00e4fte positiv beeinflusst. Der Magnetfeld-Chip wirkt in deinem eigenen Raum, dort wo du dich bewegst und [&hellip;]<\/p>\n","protected":false},"author":1,"featured_media":0,"parent":0,"menu_order":0,"comment_status":"closed","ping_status":"closed","template":"","meta":{"ocean_post_layout":"full-screen","ocean_both_sidebars_style":"","ocean_both_sidebars_content_width":0,"ocean_both_sidebars_sidebars_width":0,"ocean_sidebar":"0","ocean_second_sidebar":"0","ocean_disable_margins":"enable","ocean_add_body_class":"","ocean_shortcode_before_top_bar":"","ocean_shortcode_after_top_bar":"","ocean_shortcode_before_header":"","ocean_shortcode_after_header":"","ocean_has_shortcode":"","ocean_shortcode_after_title":"","ocean_shortcode_before_footer_widgets":"","ocean_shortcode_after_footer_widgets":"","ocean_shortcode_before_footer_bottom":"","ocean_shortcode_after_footer_bottom":"","ocean_display_top_bar":"on","ocean_display_header":"on","ocean_header_style":"top","ocean_center_header_left_menu":"0","ocean_custom_header_template":"0","ocean_custom_logo":0,"ocean_custom_retina_logo":0,"ocean_custom_logo_max_width":0,"ocean_custom_logo_tablet_max_width":0,"ocean_custom_logo_mobile_max_width":0,"ocean_custom_logo_max_height":0,"ocean_custom_logo_tablet_max_height":0,"ocean_custom_logo_mobile_max_height":0,"ocean_header_custom_menu":"0","ocean_menu_typo_font_family":"0","ocean_menu_typo_font_subset":"","ocean_menu_typo_font_size":0,"ocean_menu_typo_font_size_tablet":0,"ocean_menu_typo_font_size_mobile":0,"ocean_menu_typo_font_size_unit":"px","ocean_menu_typo_font_weight":"","ocean_menu_typo_font_weight_tablet":"","ocean_menu_typo_font_weight_mobile":"","ocean_menu_typo_transform":"","ocean_menu_typo_transform_tablet":"","ocean_menu_typo_transform_mobile":"","ocean_menu_typo_line_height":0,"ocean_menu_typo_line_height_tablet":0,"ocean_menu_typo_line_height_mobile":0,"ocean_menu_typo_line_height_unit":"","ocean_menu_typo_spacing":0,"ocean_menu_typo_spacing_tablet":0,"ocean_menu_typo_spacing_mobile":0,"ocean_menu_typo_spacing_unit":"","ocean_menu_link_color":"","ocean_menu_link_color_hover":"","ocean_menu_link_color_active":"","ocean_menu_link_background":"","ocean_menu_link_hover_background":"","ocean_menu_link_active_background":"","ocean_menu_social_links_bg":"","ocean_menu_social_hover_links_bg":"","ocean_menu_social_links_color":"","ocean_menu_social_hover_links_color":"","ocean_disable_title":"on","ocean_disable_heading":"default","ocean_post_title":"","ocean_post_subheading":"","ocean_post_title_style":"","ocean_post_title_background_color":"","ocean_post_title_background":0,"ocean_post_title_bg_image_position":"","ocean_post_title_bg_image_attachment":"","ocean_post_title_bg_image_repeat":"","ocean_post_title_bg_image_size":"","ocean_post_title_height":0,"ocean_post_title_bg_overlay":0.5,"ocean_post_title_bg_overlay_color":"","ocean_disable_breadcrumbs":"default","ocean_breadcrumbs_color":"","ocean_breadcrumbs_separator_color":"","ocean_breadcrumbs_links_color":"","ocean_breadcrumbs_links_hover_color":"","ocean_display_footer_widgets":"default","ocean_display_footer_bottom":"default","ocean_custom_footer_template":"0","footnotes":""},"_links":{"self":[{"href":"http:\/\/www.aussichselbstheraus.de\/index.php?rest_route=\/wp\/v2\/pages\/926"}],"collection":[{"href":"http:\/\/www.aussichselbstheraus.de\/index.php?rest_route=\/wp\/v2\/pages"}],"about":[{"href":"http:\/\/www.aussichselbstheraus.de\/index.php?rest_route=\/wp\/v2\/types\/page"}],"author":[{"embeddable":true,"href":"http:\/\/www.aussichselbstheraus.de\/index.php?rest_route=\/wp\/v2\/users\/1"}],"replies":[{"embeddable":true,"href":"http:\/\/www.aussichselbstheraus.de\/index.php?rest_route=%2Fwp%2Fv2%2Fcomments&post=926"}],"version-history":[{"count":56,"href":"http:\/\/www.aussichselbstheraus.de\/index.php?rest_route=\/wp\/v2\/pages\/926\/revisions"}],"predecessor-version":[{"id":1244,"href":"http:\/\/www.aussichselbstheraus.de\/index.php?rest_route=\/wp\/v2\/pages\/926\/revisions\/1244"}],"wp:attachment":[{"href":"http:\/\/www.aussichselbstheraus.de\/index.php?rest_route=%2Fwp%2Fv2%2Fmedia&parent=926"}],"curies":[{"name":"wp","href":"https:\/\/api.w.org\/{rel}","templated":true}]}}